{"id":123,"date":"2022-10-15T11:16:47","date_gmt":"2022-10-15T11:16:47","guid":{"rendered":"https:\/\/bujinkan-oberhausen.de\/?page_id=123"},"modified":"2026-03-03T09:31:34","modified_gmt":"2026-03-03T09:31:34","slug":"was-ist-das-bujinkan","status":"publish","type":"page","link":"https:\/\/bujinkan-oberhausen.de\/?page_id=123","title":{"rendered":"Was ist das Bujinkan?"},"content":{"rendered":"\n<p>Bujinkan Bud\u00f4 ist der Name und Sammelbegriff, mit dem heute ein System von 9 historischen japanischen Kampfk\u00fcnsten bezeichnet wird, die von Dr. Masaaki Hatsumi, dem Oberhaupt oder S\u00f4ke des Bujinkan, vertreten werden. Anders, als die heutigen wettkampforientierten Kampfsportarten wie Judo oder Karate ,welche vergleichsweise jung sind (z.T. weniger als 100 Jahre), Haben die traditionellen Stile, die sog. Ry\u00fb (Ry\u00fbha) Eine z.T. mehr als 1000-j\u00e4hrige Entwicklung in Zeiten des Kampfes und des Friedens durchlaufen. Deshalb wurden diese Stile auch nach anderen Gesichtspunkten als die heutigen Sportarten konzeptioniert Sie wurden oft nach der Herkunftsregion, dem Familienname des Gr\u00fcnders oder philosophischen Ideen benannt, und waren in der Regel durch ihre Spezialisierungen z.B. auf bestimmte Waffenbereiche oder Techniken gekennzeichnet.<\/p>\n\n\n\n<p><strong>Die 9 Schulen des Bujinkan sind:<br><\/strong>\u2022 Togakure Ryu Ninpo<br>\u2022 Koto Ryu Koppojutsu<br>\u2022 Gyokko Ryu Koshijutsu<br>\u2022 Kukishindenryu Happo Hiken<br>\u2022 Takagi Yoshin Ryu Jutaijutsu<br>\u2022 Shinden Fudo Ryu Dakentaijutsu<br>\u2022 Gikan Ryu Koppojutsu<br>\u2022 Kumogakure Ryu Ninpo<br>\u2022 Gyokushin Ryu Ninpo<\/p>\n\n\n\n<p>Der Schritt von einer Kampfkunst zu einem Wettkampfsport wurde von den Praktizierenden der 9 Bujutsu-Stilrichtungen, nicht vollzogen. Es handelt sich demzufolge immer noch um ein unverf\u00e4lschtes Selbstverteidigungssystem mit einer relativ genauen Nachvollziehbarkeit bis ins japanische Mittelalter zur Zeit der gro\u00dfen B\u00fcrgerkriege bis Mitte des 16. Jahrhunderts. Die in dieser langen Tradition gesammelten Erfahrungen legen die Grundlage der Philosophie der traditionellen Kampfk\u00fcnste, einen Kampf durch Deeskalation m\u00f6glichst zu vermeiden, denn ein siegorientiertes Wettkampfsystem war mit Techniken, die \u00fcber Leben oder Tod entscheiden konnten, nicht vereinbar. Einer der Schwerpunkte des Bujinkan Budo Taijutsu ist es, das man frei im Geiste ist und das zu seinem Vorteil nutzt was der Gegner, oder die Situation einem gibt.Oft werden die Praktizierenden des Bujinkan Bud\u00f4 mit den Ninja des feudalen Japan in Zusammenhang gebracht und infolgedessen Bujinkan Bud\u00f4 mit Ninjutsu gleichgesetzt. Dies ist nur zum Teil korrekt. Tats\u00e4chlich sind drei der neun Schulen im Bujinkan \u201eNinjutsu\u201c Ry\u00fb.<\/p>\n\n\n\n<p>\u2022 Togakure Ry\u00fb Ninp\u00f4 Taijutsu Happ\u00f4 Biken<br>\u2022 Gyokushin Ry\u00fb Ninp\u00f4 Happ\u00f4 Biken<br>\u2022 Kumogakure Ry\u00fb Ninp\u00f4 Happ\u00f4 Biken<\/p>\n\n\n\n<p>Das sind nat\u00fcrlich immer noch mehr als in anderen Kampfkunstsystemen \u00fcber das Ninjutsu gelehrt wird. Aber nicht nur. Es gibt 6 weitere! Das Training im Bujinkan umfasst viele Formen des waffenlosen und bewaffneten Kampfes. Einige der Waffentypen, deren Umgang vermittelt wird, sind Spezialit\u00e4ten eines oder weniger Ry\u00fb und nur dort zu finden \u2013 so z.B. die Shuko ( Handkralle) des Togakure Ry\u00fb. Aus den Traditionen der Schule des Bujinkan ist eine moderne und effektive Form der Selbstverteidigung entstanden.<\/p>\n","protected":false},"excerpt":{"rendered":"<div class=\"entry-summary\">\nBujinkan Bud\u00f4 ist der Name und Sammelbegriff, mit dem heute ein System&hellip;\n<\/div>\n<div class=\"link-more\"><a href=\"https:\/\/bujinkan-oberhausen.de\/?page_id=123\" class=\"more-link\">Continue reading<span class=\"screen-reader-text\"> &ldquo;Was ist das Bujinkan?&rdquo;<\/span>&hellip;<\/a><\/div>\n","protected":false},"author":1,"featured_media":0,"parent":0,"menu_order":0,"comment_status":"closed","ping_status":"closed","template":"","meta":[],"_links":{"self":[{"href":"https:\/\/bujinkan-oberhausen.de\/index.php?rest_route=\/wp\/v2\/pages\/123"}],"collection":[{"href":"https:\/\/bujinkan-oberhausen.de\/index.php?rest_route=\/wp\/v2\/pages"}],"about":[{"href":"https:\/\/bujinkan-oberhausen.de\/index.php?rest_route=\/wp\/v2\/types\/page"}],"author":[{"embeddable":true,"href":"https:\/\/bujinkan-oberhausen.de\/index.php?rest_route=\/wp\/v2\/users\/1"}],"replies":[{"embeddable":true,"href":"https:\/\/bujinkan-oberhausen.de\/index.php?rest_route=%2Fwp%2Fv2%2Fcomments&post=123"}],"version-history":[{"count":1,"href":"https:\/\/bujinkan-oberhausen.de\/index.php?rest_route=\/wp\/v2\/pages\/123\/revisions"}],"predecessor-version":[{"id":124,"href":"https:\/\/bujinkan-oberhausen.de\/index.php?rest_route=\/wp\/v2\/pages\/123\/revisions\/124"}],"wp:attachment":[{"href":"https:\/\/bujinkan-oberhausen.de\/index.php?rest_route=%2Fwp%2Fv2%2Fmedia&parent=123"}],"curies":[{"name":"wp","href":"https:\/\/api.w.org\/{rel}","templated":true}]}}